nd 324.
4
What is the highest common divisor of 1076 and 4?
4
What is the highest common divisor of 3 and 2400?
3
Calculate the greatest common factor of 39 and 3679.
13
What is the greatest common factor of 851 and 999?
37
Calculate the greatest common factor of 3 and 12.
3
Calculate the greatest common divisor of 553 and 7.
7
Calculate the highest common factor of 670 and 15276.
134
Calculate the greatest common divisor of 575 and 50.
25
Calculate the greatest common factor of 26 and 8.
2
What is the highest common divisor of 1296 and 72?
72
What is the highest common divisor of 1690 and 40?
10
What is the highest common factor of 105 and 105?
105
Calculate the greatest common factor of 810 and 27.
27
What is the greatest common factor of 50 and 2450?
50
Calculate the greatest common factor of 36 and 162.
18
What is the highest common factor of 81 and 99?
9
What is the greatest common divisor of 2479 and 201?
67
Calculate the highest common divisor of 41 and 41369.
41
What is the greatest common divisor of 1672 and 352?
88
What is the highest common divisor of 1872 and 450?
18
What is the greatest common factor of 15 and 1140?
15
What is the greatest common factor of 1152 and 432?
144
What is the highest common divisor of 102 and 969?
51
Calculate the highest common factor of 32 and 152.
8
Calculate the highest common divisor of 884 and 68.
68
Calculate the greatest common divisor of 234 and 171.
9
What is the greatest common factor of 299 and 26?
13
What is the greatest common divisor of 121 and 3509?
121
What is the highest common factor of 475 and 400?
25
Calculate the highest common divisor of 21 and 102.
3
Calculate the highest common factor of 22 and 1958.
22
What is the greatest common divisor of 80 and 130?
10
What is the greatest common factor of 4842 and 54?
18
What is the highest common factor of 38 and 2014?
38
What is the highest common factor of 1 and 2251?
1
What is the highest common factor of 300 and 175?
25
Calculate the highest common divisor of 18 and 3393.
9
Calculate the highest common divisor of 1665 and 777.
111
What is the greatest common factor of 57 and 2014?
19
What is the highest common factor of 26 and 780?
26
Calculate the greatest common factor of 15529 and 586.
293
What is the highest common factor of 101 and 1?
1
Calculate the highest common divisor of 2151 and 144.
9
Calculate the greatest common factor of 150 and 160.
10
What is the greatest common factor of 330 and 2750?
110
What is the greatest common divisor of 44 and 4158?
22
What is the highest common divisor of 60 and 40?
20
What is the greatest common divisor of 315 and 27?
9
Calculate the highest common divisor of 400 and 2150.
50
What is the highest common divisor of 284 and 923?
71
What is the greatest common divisor of 203 and 112?
7
What is the greatest common divisor of 156 and 1300?
52
What is the greatest common factor of 1308 and 48?
12
Calculate the greatest common divisor of 1410 and 893.
47
What is the highest common divisor of 13 and 2327?
13
What is the highest common factor of 47 and 94?
47
What is the highest common factor of 102 and 14943?
51
What is the highest common factor of 9012 and 12?
12
What is the greatest common divisor of 30 and 645?
15
Calculate the greatest common factor of 105 and 30.
15
Calculate the highest common factor of 242 and 33.
11
What is the highest common divisor of 1258 and 34?
34
Calculate the highest common divisor of 10622 and 1582.
226
What is the highest common divisor of 10 and 5?
5
Calculate the highest common divisor of 240 and 335.
5
Calculate the greatest common divisor of 10250 and 30.
10
What is the highest common divisor of 2627 and 37?
37
Calculate the greatest common factor of 126 and 56.
14
Calculate the highest common factor of 48 and 24.
24
Calculate the highest common factor of 1316 and 112.
28
What is the highest common divisor of 36 and 1272?
12
What is the highest common divisor of 2 and 11?
1
What is the greatest common divisor of 152 and 8?
8
What is the greatest common factor of 864 and 27?
27
What is the highest common factor of 126 and 882?
126
Calculate the greatest common factor of 135 and 9531.
27
What is the highest common divisor of 7 and 27?
1
Calculate the highest common factor of 851 and 92.
23
What is the greatest common divisor of 580 and 16?
4
Calculate the highest common divisor of 17 and 119.
17
What is the highest common factor of 12 and 186?
6
Calculate the highest common divisor of 240 and 336.
48
Calculate the highest common factor of 372 and 3596.
124
What is the greatest common factor of 96 and 372?
12
Calculate the greatest common divisor of 112 and 112.
112
What is the highest common divisor of 2 and 13?
1
Calculate the greatest common divisor of 1804 and 396.
44
What is the highest common factor of 55 and 308?
11
Calculate the highest common divisor of 372 and 36.
12
Calculate the highest common factor of 81 and 1.
1
Calculate the highest common divisor of 216 and 1152.
72
Calculate the greatest common factor of 3411 and 9.
9
Calculate the highest common divisor of 553 and 237.
79
Calculate the highest common factor of 184 and 5382.
46
What is the highest common factor of 10098 and 11?
11
What is the greatest common divisor of 119 and 4760?
119
What is the highest common factor of 357 and 153?
51
What is the highest common factor of 83 and 4067?
83
Calculate the highest common divisor of 87 and 783.
87
What is the greatest common divisor of 22 and 803?
11
What is the greatest common divisor of 4 and 54?
2
What is the highest common factor of 17 and 2941?
17
Calculate the highest common factor of 3488 and 496.
16
Calculate the highest common factor of 24 and 183.
3
What is the greatest common factor of 1352 and 2288?
104
Calculate the highest common divisor of 2 and 14.
2
Calculate the highest common factor of 62 and 10.
2
What is the highest common divisor of 104 and 988?
52
Calculate the highest common factor of 689 and 91.
13
Calculate the greatest common factor of 2848 and 192.
32
What is the highest common factor of 2 and 214?
2
What is the greatest common divisor of 16969 and 284?
71
What is the highest common factor of 664 and 8?
8
What is the highest common divisor of 2872 and 56?
8
Calculate the highest common factor of 78 and 806.
26
Calculate the highest common divisor of 684 and 48.
12
What is the greatest common divisor of 1311 and 1254?
57
What is the greatest common divisor of 46 and 4853?
23
What is the highest common factor of 20646 and 62?
62
What is the highest common divisor of 5936 and 8533?
371
What is the greatest common factor of 14 and 8?
2
What is the greatest common factor of 2408 and 56?
56
What is the greatest common factor of 85 and 35?
5
What is the greatest common divisor of 788 and 3743?
197
What is the highest common factor of 6 and 786?
6
Calculate the highest common factor of 48 and 348.
12
Calculate the greatest common factor of 1085 and 70.
35
Calculate the highest common divisor of 153 and 10251.
153
What is the greatest common divisor of 56 and 6055?
7
Calculate the greatest common divisor of 441 and 133.
7
What is the highest common divisor of 5 and 7485?
5
Calculate the greatest common factor of 145 and 1711.
29
What is the greatest common divisor of 144 and 240?
48
Calculate the greatest common factor of 8304 and 48.
48
Calculate the highest common factor of 3360 and 45.
15
Calculate the greatest common factor of 7408 and 16.
16
Calculate the highest common divisor of 112 and 196.
28
Calculate the highest common factor of 1128 and 180.
12
Calculate the greatest common divisor of 190 and 30.
10
What is the highest common divisor of 150 and 250?
50
Calculate the greatest common divisor of 232 and 1189.
29
What is the highest common divisor of 235 and 15?
5
What is the highest common factor of 6 and 4?
2
Calculate the greatest common factor of 2 and 18.
2
Calculate the highest common divisor of 2117 and 145.
29
Calculate the highest common factor of 4 and 1.
1
What is the highest common divisor of 8 and 224?
8
Calculate the highest common factor of 13 and 143.
13
Calculate the highest common factor of 67 and 44287.
67
Calculate the greatest common factor of 70 and 2730.
70
Calculate the greatest common divisor of 3